ctors of (2 + (-52)/(-16))/(30/2240)?
2, 7
Suppose -46*z = -49*z. Suppose -5*n = 10, -3*i + 5*n + 130 + 435 = z. What are the prime factors of i?
5, 37
Let j = 3393 - 924. List the prime factors of j.
3, 823
Let t = 2983 - 1977. What are the prime factors of t?
2, 503
Suppose 0 = 2*y - 4*q + 2, 3*y - 4*q = -3 - 2. Let l be 8 + -1 + y + 0. Suppose -z + 6 = -o, -2*o = -2*z + l*z. What are the prime factors of z?
3
Suppose -74732 = 8*l - 36*l. List the prime factors of l.
17, 157
Suppose -5*y = -4*m + 7828, 3*y + 2636 = 2*m - 1276. What are the prime factors of m?
2, 3, 109
Let c(t) = -t**3 + 2*t**2 - t. Let d be c(1). Suppose u = -d + 5. Suppose -u*f - 4*q = -129, -f + 37 = -q - q. List the prime factors of f.
29
Suppose 3*m + m = 0, 12 = -2*l - m. Let o = -4 - l. What are the prime factors of o?
2
Let n(b) = 38*b - 186. What are the prime factors of n(28)?
2, 439
Let l(n) be the third derivative of n**5/30 - n**4/8 + 2*n**3/3 - 23*n**2. What are the prime factors of l(7)?
3
List the prime factors of 320/5*(-261)/(-36).
2, 29
Let b(c) = c**2 - 3*c - 5. Suppose 2*w = 2*i - 2*w + 12, -3*i + 2 = -2*w. Let h be b(i). Let u = 15 + h. List the prime factors of u.
2, 7
What are the prime factors of 8 + -16 - (-527 + -2)?
521
Let o be (-2 + 0)/((-5)/10). Suppose 0*m - 356 = -o*m. Let x = m + -51. List the prime factors of x.
2, 19
Suppose g + 42 = 4*g. Suppose -3*i + g + 4 = 0. List the prime factors of i/(-27) - 616/(-18).
2, 17
Let y be 1705/15 - 4/6. Suppose y = 4*u + l, -3*l - 25 = -u - 0*l. What are the prime factors of u?
2, 7
Let y(m) = 680*m + 11. What are the prime factors of y(3)?
7, 293
Suppose -4*f + 2*u = 114, 3*f + 2*u = 5*f + 62. Let g(l) = l**3 - 7*l**2 - 2*l + 1. Let s be g(8). Let o = f + s. What are the prime factors of o?
23
Let o = 34 - 36. Let y = o + 2. Suppose 47 = 3*f - 2*f - 2*k, y = -2*f - 3*k + 73. List the prime factors of f.
41
Suppose 7*f + 2796 = 19*f. What are the prime factors of f?
233
Let v be 1*9/(-6)*(3 - 5). Suppose -2*q = 4, -q - 20 = -4*i + v*q. What are the prime factors of i?
3
Let n(z) = 91*z**2 + 3*z. List the prime factors of n(3).
2, 3, 23
Let a(y) = -y - 1. Let w(m) = 4*m + 4. Let t(z) = 7*a(z) + 2*w(z). Let h(s) = s**2 - 6*s + 4. Let f be h(6). List the prime factors of t(f).
5
Suppose -2 = -l - 0. Let i be l/(-5) + 230/(-50). List the prime factors of (78/i)/((-6)/20).
2, 13
Suppose 10*b - 76 - 1544 = 0. Suppose -284 - b = -2*q. What are the prime factors of q?
223
Suppose -41*f + 6*f = -18865. What are the prime factors of f?
7, 11
Suppose -92*q + 87*q = -35. Suppose c - 6 = -r, r = 2*c - 14 - q. What are the prime factors of c?
3
Let l(q) = -q**3 + 20*q**2 + 12*q - 29. What are the prime factors of l(15)?
2, 11, 29
Let o(g) be the first derivative of -5*g**2 - 20*g + 1. Let z be o(-7). What are the prime factors of ((-18)/(-15))/(4/z)?
3, 5
Let y(u) = -u + 15. Let x be y(11). Suppose -2*t = -x*r - 322, 5*r + 229 = -4*t + 912. What are the prime factors of t?
167
Suppose 4*f = -0*f + 340. Suppose 4*q + f = 5*q. What are the prime factors of q?
5, 17
Let u(o) = -3*o - 9. Let n be u(5). Let r = n - -22. What are the prime factors of 0 - ((-99)/3 - r)?
31
Let m(g) be the first derivative of 5*g**3/3 + 15*g**2/2 - 8*g + 33. What are the prime factors of m(-7)?
2, 3, 11
Let k(q) = -q**2 - 4*q + 5. Let o be k(-5). Suppose 10*x - 14*x + 8 = o. List the prime factors of x.
2
Suppose 3*p + 21 = 33. Suppose 0 = 6*w - 2*w. Let n = w + p. What are the prime factors of n?
2
Let y(g) = -g**2 + 13*g - 3. Let d be 58 - 1/(-2)*-2. Suppose 4*v - d = -13. List the prime factors of y(v).
19
Suppose -h - 628 + 1850 = 0. Let c be 13/52 + h/8. Suppose 5*q - 77 = c. List the prime factors of q.
2, 23
Suppose 11*n = -43*n + 53244. What are the prime factors of n?
2, 17, 29
Suppose 0 = c - 2 - 1, -5*z + 114 = -2*c. Let a be z/(-20)*90/(-3). List the prime factors of 9/a - (-214)/8.
3
Suppose -166*q + 159*q = -7140. List the prime factors of q.
2, 3, 5, 17
Let f(v) = -3*v - 14. Let z be f(-6). Let x = -1 + z. Suppose 2*b + j = 58, x*j = -7*b + 2*b + 144. List the prime factors of b.
2, 3, 5
Suppose -66*x + 44766 = -12*x. What are the prime factors of x?
829
Let s(m) = m**3 - 3*m**2 - 5*m - 10. Let g be s(9). Suppose 11*w + g = 15*w - 5*b, -4*b = 12. List the prime factors of w.
2, 13
Suppose -15 = -2*n - 4*u + 79, 0 = -u + 1. List the prime factors of n.
3, 5
Suppose -4*v + 7*v + 5*k - 27 = 0, -1 = -v + k. Let s(j) = -62*j + 9. Let f be s(-1). Suppose -v*w = -f + 11. List the prime factors of w.
3, 5
Let q(h) = 31*h**2 - 15*h + 94. What are the prime factors of q(8)?
2, 11, 89
Let u = 6388 - 3724. What are the prime factors of u?
2, 3, 37
Suppose 28*s - 20*s + 8 = 0. List the prime factors of -3 - ((3 + 135)/s + -3).
2, 3, 23
Suppose -10*i + 1143 = 2*n - 15*i, 0 = -3*n + i + 1708. What are the prime factors of n?
569
Let r(u) = 35*u**2 - 18*u - 100. List the prime factors of r(-5).
5, 173
Let r(c) = -5*c**2 - c - 1. Let k be r(-1). Let z(w) be the third derivative of w**5/60 + 5*w**4/24 + 2*w**3 + 15*w**2. List the prime factors of z(k).
2, 3
Let u(v) = v**2 + 24*v - 30. What are the prime factors of u(15)?
3, 5, 37
Suppose 7 = v - 11. Suppose 4*x - x + l - 38 = 0, -5*l = -x + v. List the prime factors of x.
13
Let q(i) = 8*i**2 - 103*i - 24. List the prime factors of q(18).
2, 3, 7, 17
Let o(t) = -7*t**2 - 35*t - 15. Let h(f) = -8*f**2 - 36*f - 15. Let m(u) = -6*h(u) + 7*o(u). List the prime factors of m(-14).
3, 5, 13
Suppose 0 = 5*a + s - 1568, 556 = 4*a - 4*s - 708. Suppose u - 2*u = 2*x - a, 5*x - 774 = 3*u. What are the prime factors of x?
2, 3, 13
Let d be 14/(-49) - 144/(-14). Let p be 43/2 - (-5)/d. Suppose 0 = 2*v - 3*m - 19, v - 2*m + 3*m - p = 0. What are the prime factors of v?
17
Let s(c) = 14*c**3 - 2*c**2 - 3*c + 4. Let h be s(2). Let v = -48 + h. Suppose -26*l = -27*l + v. List the prime factors of l.
2, 3
Let i = 374 - -1389. List the prime factors of i.
41, 43
Let p = 2338 + -1798. What are the prime factors of p?
2, 3, 5
Let a be 666/(-9) + 2/((-2)/(-3)). Let u = a - -139. What are the prime factors of u?
2, 17
What are the prime factors of (9 + (-52)/12)*366?
2, 7, 61
List the prime factors of (-42)/483 + 87843/69.
19, 67
Suppose 3*p + 5*m - 3784 + 1116 = 0, -2*p + m = -1757. List the prime factors of p.
881
Let d(x) = x**2 - 11*x - 18. Let o be d(14). Suppose o = p + 3*t, t + 0 + 4 = 0. List the prime factors of p.
2, 3
Suppose 16*t = 19*t. Suppose -3*x + t*i + 5*i + 219 = 0, 2*i = 0. List the prime factors of x.
73
Let h(y) = y**3 - 16*y**2 - 18*y + 19. Let l be h(17). Suppose -4*j + t = -229, -t = -l*j - 0*j + 117. List the prime factors of j.
2, 7
Let h(i) = -i**3 + 3*i**2 + 4*i - 1. Let c be h(3). Suppose -c = -3*f - 2. Suppose 0 = n - p - 17, n - 5*p - f = 10. List the prime factors of n.
2, 3
Let p(y) = -3 - 6 + 3 - 6 + 12*y. What are the prime factors of p(5)?
2, 3
Let k = -39 - -100. Suppose 5*q + y + 47 + 306 = 0, -q + 3*y = k. List the prime factors of 3/2*q/(-15).
7
Let u be (-20 - 1) + 5 + -3. Let b = u - -35. Suppose 2*x - 12 = -3*s, 0 = -4*s + 2*x - x + b. What are the prime factors of s?
2
What are the prime factors of -4394*(-3)/((-24)/(-4))?
13
Suppose -l + 9 = 4*v, -5*l + 7 = 4*v - 6. Suppose 2*m - g - 2 = m, 3*m + v*g = -19. List the prime factors of 5/((-25)/m)*30.
2, 3
Suppose 0 = 3*m - 5*m - 72. Let b = 0 + m. List the prime factors of (b/(-27))/(4/150).
2, 5
Suppose 7836 = -811*v + 817*v. List the prime factors of v.
2, 653
Let j(i) be the third derivative of i**6/120 + i**5/12 - 5*i**4/24 - 2*i**2. List the prime factors of j(-5).
5
Let k = 14 - 2. What are the prime factors of 92/k*(1 + 2)?
23
Suppose -764*w + 778*w = 20328. What are the prime factors of w?
2, 3, 11
Let t be 2/(-8) - 9/12. Let d be (-5)/t*(-51)/(-3). Suppose -6*m = -m - d. List the prime factors of m.
17
Suppose 5*q + s - 29 - 147 = 0, 0 = -3*q - 3*s + 96. Let w be q/15*10/3. Let m = w + 17. List the prime factors of m.
5
Let d be (-33)/9*(-3)/1. Suppose -d*m = -157 - 646. What are the prime factors of m?
73
Suppose 3*h - 4*k = 11, 6*k = h + 4*k - 3. Suppose -3*f - 987 = -4*n - 6*f, 0 = -n + h*f + 241. What are the prime factors of n?
2, 3, 41
Let g = -337 - -710. List the prime factors of g.
373
Suppose 4*f + n